 - (-1 + (8 - 4))?
-7
Calculate (0 + 2 - 9) + 13 + -13.
-7
What is 1 + -1 + -14 + 18?
4
Evaluate (7 - 4) + (-1 - 4).
-2
-2 + 2 + 3 + -5 + -1
-3
Calculate 4 + -3 + (-2 - -4).
3
What is the value of -2 + 9 + -4 + (5 - 13)?
-5
What is the value of -3 + (-11 + 6 + -1 - -11)?
2
What is -4 - (-4 + 4) - 0?
-4
What is 2 + -1 + -2 + (0 - -3)?
2
Calculate 1 + -3 + (-4 - 3) + 5.
-4
What is 1 + -1 + (1 + 5 - 5)?
1
Calculate (-10 - -15 - 18) + 10.
-3
What is 8 + (5 - 5 - 11)?
-3
What is (0 - 1) + (-14 - (4 + -21))?
2
What is the value of -4 - -4 - (38 - 42)?
4
Evaluate -4 + -3 + 1 - -5.
-1
Calculate -1 + (-4 - (9 + -5 + -6)).
-3
Calculate 0 - -2 - (-7 - -7 - -6).
-4
What is the value of 2 - ((-7 - -3 - -5) + 3)?
-2
What is the value of 0 - -8 - (-5 + 12 + -4)?
5
Evaluate (-10 - -16) + -2 + -12 + 0.
-8
-3 - 3 - (15 + -17)
-4
Evaluate 32 + -23 + (-1 - 6).
2
Calculate -6 + 5 + -5 + 8.
2
What is the value of (-4 - 0) + 0 + 2?
-2
What is 7 + -9 + (8 - 1) + 0?
5
Evaluate 0 + (0 - -2) + -6 + 2.
-2
Evaluate (7 - -3) + -17 - (-15 + -1).
9
Calculate -23 - -24 - (-1 - -7).
-5
Evaluate -1 + 7 + -3 + -2.
1
Calculate (1 - 0) + -6 + 4.
-1
6 + -7 + -5 - -2
-4
What is -36 + 37 + -2 + -4?
-5
Evaluate -9 - 0 - (-33 + 19).
5
-1 - (-3 - (4 - (-1 - -3)))
4
Evaluate -2 + 2 + (-3 - 2).
-5
Calculate -5 - (-2 + (5 - (4 - 0))).
-4
Evaluate -4 - (7 + -1 - 9).
-1
What is 3 - (-1 - (-9 - -3))?
-2
What is (0 - 6) + (8 - 0) + -3?
-1
Calculate -5 - (0 - -3 - 5).
-3
Evaluate -6 - (2 - (18 - 6)).
4
Evaluate (10 - 16) + 3 + 0.
-3
Evaluate 4 + (-2 - -2 - 2 - -1).
3
Evaluate (1 - -2) + -4 - 3.
-4
12 + -12 + (1 - 4) - -1
-2
What is 0 + 1 + (-2 + 9 - 9)?
-1
Calculate (-11 - (-3 - 8)) + -7.
-7
Evaluate -2 - 0 - 3 - -2.
-3
What is 6 + -2 + 1 + -3?
2
2 + 6 + 1 + -5
4
Calculate -3 + (-5 - -1) + 2.
-5
(-2 - 2) + -1 + 5
0
Calculate -1 + (-14 - (12 + -24)).
-3
What is (-1 - (-8 + 7 + -4)) + 2?
6
Calculate (4 - 2 - -1) + (-1 - -1).
3
What is -1 - -7 - (34 + -19 + -13)?
4
Evaluate (-14 - -11) + -2 + 0.
-5
Evaluate 53 + -39 + (0 - 5) - 2.
7
Evaluate 0 + 0 + (1 - -3) + -4.
0
What is the value of 1 - (10 + -7 + -4)?
2
6 - (-8 + 3 - -8)
3
What is the value of -11 - (-6 + (0 - -7 - 5))?
-7
7 + 3 + -5 + -7
-2
1 + 2 - (0 - 3 - -4)
2
Calculate -4 + -1 + (5 - (3 + 1)).
-4
What is the value of (1 - -1) + (33 - 43)?
-8
What is the value of -2 + (-2 - 0) + 1?
-3
Calculate -6 + 5 + -4 + 6.
1
Evaluate -2 + -6 + (24 - 19).
-3
Evaluate 6 - (-3 - 3 - (-2 - 11)).
-1
What is the value of -3 + (-4 - -1) + 5?
-1
(-5 + 5 - -7) + -5
2
What is the value of (-3 - (-1 + 1)) + 29 + -30?
-4
(4 + -3 - 0) + (-1 - -2)
2
What is the value of 13 + -8 - (0 + (7 - 1))?
-1
What is the value of -4 - (-16 - (-16 - -9))?
5
What is 3 + (-1 - (2 - -1) - -1)?
0
What is 18 + (7 - (15 - -4))?
6
What is 12 - (6 - (7 - (0 + 6)))?
7
What is the value of 2 + -1 - (-7 - -3)?
5
Evaluate 11 + -11 + (-2 - 1) + 2.
-1
What is the value of 1 + -6 + 9 + -10?
-6
Calculate -13 - (-9 + 1 + 2).
-7
Calculate 1 - (-1 + 5) - -2.
-1
Calculate 15 + 9 + -1 + -16.
7
Evaluate 1 + 3 + -1 - (-11 + 9).
5
8 - -2 - (29 - 23)
4
Evaluate (-14 - -7 - -8) + 1.
2
Calculate 1 + -4 + (5 - 2).
0
Evaluate 11 + (9 + -6 - 14).
0
What is -45 - -49 - (-1 - (-2 - -5))?
8
What is the value of -1 + (-6 - -4) - (4 - 8)?
1
Calculate 12 + -5 + -3 + (-3 - -4).
5
What is the value of 7 - (4 + 5) - -6?
4
What is -2 + 4 + -2 + -3 + 4?
1
What is -3 - (-3 - (1 + -1))?
0
Evaluate 7 + -10 + 1 + 1.
-1
(9 - 4 - 5) + -5
-5
What is 2 - 3 - (4 - 3 - 4)?
2
-1 - (6 - (-3 + 5 - -1))
-4
What is 0 + 4 + -8 + 9?
5
What is the value of (-3 - -1) + (-33 - -18) + 22?
5
Evaluate -10 - -5 - 1 - -4.
-2
What is the value of 14 + (3 - 5) + -6?
6
(2 - 4 - (2 + -4)) + 4
4
Evaluate (1 - (2 + 1)) + 2 + 3.
3
-3 - 2 - (5 - 6)
-4
What is the value of 6 - (-4 - -11) - 7 - 1?
-9
Evaluate -2 + 8 + 5 + -8 + -1.
2
Evaluate 2 - (-1 - (-2 - 7)).
-6
What is the value of -17 - (11 + -21) - (0 + -16)?
9
Evaluate (-5 + 1 - (-8 - -1)) + 1.
4
Calculate -1 - 0 - -2 - (1 + 1).
-1
4 + -1 + -3 - (3 - 3)
0
What is the value of -11 + 13 - (0 - -3)?
-1
(-9 - (2 + -7)) + 0
-4
Evaluate 10 + (-1 - (-3 + 7)).
5
-1 - -2 - (-5 - -5) - -1
2
What is the value of 7 + -7 + 5 + -15 + 6?
-4
-5 + 3 + (-7 + 14 - 6)
-1
Calculate -8 + 11 + 3 + -2.
4
Evaluate (-45 + 45 - (-1 + -1)) + 0.
2
Evaluate -2 - (-6 - 0) - 3.
1
0 + 1 + 1 + 30 + -31
1
Calculate -3 - (-3 - (-3 + 1)).
-2
What is the value of 3 - (-6 - (-15 + 1))?
-5
Evaluate 2 + -7 + 10 + -5 + 3.
3
What is 9 - (-4 - (-5 - (-1 + 2)))?
7
Calculate -1 - (-5 - -4) - 4.
-4
Calculate -2 + (-1 - (-3 - -3)) - -2.
-1
What is the value of 5 - (8 + (2 - 5))?
0
What is (-1 - (-3 + (2 - 3))) + -3?
0
What is -5 - ((-5 - -12) + -13)?
1
What is the value of (-16 - -10) + 1 + (1 - 1)?
-5
What is the value of -25 + 26 - (0 + -2 - -11)?
-8
Evaluate -1 + -2 - (-17 - -19) - -5.
0
(-1 - -6) + (-6 - 0)
-1
What is 8 + 1 + (14 - 18) - 0?
5
What is the value of 5 - (-2 - (6 + (-6 - 5)))?
2
What is the value of -5 + 1 + (4 - 2)?
-2
Calculate 16 + (-7 - 3) + -10.
-4
What is -16 + 12 + -9 + 8?
-5
What is 7 - 9 - (3 + -1 + -2)?
-2
Evaluate (-5 - -6) + 8 + -2.
7
What is (0 - -6) + 44 + -47?
3
What is the value of -6 - (-7 + 2 - 6)?
5
Calculate 1 - (3 + (-5 - 0) - -1).
2
Calculate -4 - (-5 + (19 - 9)).
-9
3 + -2 - 3 - (14 + -17)
1
What is the value of -4 + -3 + (7 - 5)?
-5
What is (0 - -5 - 7) + -6 + 1?
-7
What is the value of 12 - (-1 + 9 + (-31 - -27))?
8
Calculate 6 + (-2 - 4) + -8 + 1.
-7
0 - (3 - 5) - (0 - -1)
1
What is -12 + (3 + 0 - -4) + -1?
-6
Calculate 3 - (-9 - -7 - -1).
4
Evaluate -6 - 0 - (2 + 4 + -7).
-5
Calculate -2 - (2 + (-4 - -2 - 1)).
-1
Evaluate (-7 - -1) + (37 - 31).
0
-100 + 94 + 8 + 1
3
Evaluate 5 - (4 - (-3 + 10)).
8
Evaluate (-2 - (1 + 0 + 0)) + 8.
5
What is 0 + -2 - -2 - (-5 - -5)?
0
What is the value of 9 + (-11 - 2) + (-20 - -27)?
3
Calculate -6 + (-7 - (-6 + -7)).
0
Calculate -7 + 1 + 16 + -25 + 12.
-3
What is 7 + (-7 - 1) + 6 + -1?
4
What is the value of (1 - (-9 - (7 + -14))) + -2?
1
Calculate -1 + (1 - 6) - (-2 - 11).
7
What is 5 - (-13 - -12 - 3)?
9
-1 + 2 + 0 - (-25 - -23)
3
What is (-1 - 0) + (4 - 5 - 1)?
-3
Calculate 1 - (-8 - 0) - 10.
-1
(-4 - -3) + 21 + -29
-9
What is -6 - ((-4 - (3 - 7)) + -13)?
7
Calculate (2 + -3 - -6) + -4.
1
Evaluate -3 + -1 - (-5 + (-8 - -9)).
0
Calculate (-7 - -1) + (2 + -2 - -7).
1
What is 12 - 2 - (8 + (-5 - -1))?
6
What is the value of -9 + 3 - 0 - -7?
1
Calculate -3 + 4 + -2 - -1.
0
Evaluate (-3 - -6 - 1) + (-5 - -2).
-1
Evaluate (9 - 13 - (3 - -1)) + 0.
-8
Evaluate 4 + (5 - 8) + 1.
2
Calculate (10 + -23 - -4) + 4.
-5
1 + 2 - (-4 - (-9 + 3))
1
Calculate -11 + -7 + 11 + -1.
-8
What is -6 - (-8 - -6) - (4 - 1)?
-7
Evaluate 1 + -3 - (-5 + 0 + -2).
5
Evaluate -9 + (1 - -7) + 1.
0
What is the value of -1 + -1 - (-13 + 4)?
7
Calculate 5 - 1 - (13 + (-1 - 5)).
-3
What is -2 - ((-1 - (3 - 3)) + 0)?
-1
What is the value of (0 - -2) + (-3 - -5) + -7?
-3
Evaluate 1 + (-1 - 14 - (43 + -48)).
-9
(-47 - -50) + -1 + -2
0
Calculate -5 + (5 - (-4 + 4)).
0
Evaluate -2 + (0 + 6 - 0).
4
What is (-1 - (-6 + 6)) + 0 + -2?
-3
What is 13 + -13 + (-2 - (1 + 0))?
-3
What is the value of 6 + (3 + 2 - 9)?
2
Calculate (-4 - (1 + -5 - 0)) + 1.
1
Evaluate -6 - (-9 + 3) - 5.
-5
What is 2 - (4 - (0 + (-2 - -1)))?
-3
(4 - 1) + (-24 - -23)
2
-3 - (3 - (-8 + 12))
-2
Calculate -4 + 4 + (1 - (-1 - -5)).
-3
Calculate (0 - 10) + 25 + -11.
4
Evaluate 2 + 0 - (11 - 5).
-4
What is the value of -3 + (-6 - -3) - (1 - 5)?
-2
What is 0 - (-1 - -5 - 5)?
1
What is the value of -6 + 3 - (1 + -2)?
-2
What is -9 + (3 - -3) - -3 - -5?
5
-3 + 3 + -1 + 1 + -3
-3
Evaluate (1 - -4) + (-24 - (-4 + -5)).
-10
What is the value of -16 - -17 - (-1 - -1)?
1
What is the value of -8 + 20 + -8 + -9 + 1?
-4
Evaluate (-1 - -1) + 6 + -4 + -1.
1
Calculate 21 + -11 + 2 + -14.
-2
Evaluate (-3 - 0) + 6 - (2 + -1).
2
What is the value of 0 - -2 - (2 - 4)?
4
What is the value of 9 + -7 + (1 - -4) - 5?
2
-5 - 0 - -9 - 2
2
Evaluate -10 + 21 - 19 - -9.
1
Evaluate (28 - 15) + 2 + -19.
-4
What is -6 + 1 + -22 + 7 + 20?
0
What is 4 + -3 + 2 + (-1 - 1)?
1
Calculate 52 + -42 + -16 + 1.
-5
-8 + -12 + 20 - (-1 + -2)
3
Evaluate -1 + 3 - (-3 + -2 + 10).
-3
5 - -1 - ((0 - -4) + -2)
4
Calculate 2 + (3 - 3 - (3 + 0)).
-1
What is the value of (-12 - 0) + 12 + (